{"id":161,"date":"2025-05-30T14:00:41","date_gmt":"2025-05-30T20:00:41","guid":{"rendered":"https:\/\/portal.pronea.gt\/?page_id=161"},"modified":"2025-06-23T19:50:29","modified_gmt":"2025-06-24T01:50:29","slug":"diversificado","status":"publish","type":"page","link":"https:\/\/portal.pronea.gt\/?page_id=161","title":{"rendered":"Ciclo de Educaci\u00f3n Diversificada"},"content":{"rendered":"<div id=\"cmsmasters_row_\" class=\"cmsmasters_row cmsmasters_color_scheme_default cmsmasters_row_top_default cmsmasters_row_bot_default cmsmasters_row_boxed\">\n<div class=\"cmsmasters_row_outer_parent\">\n<div class=\"cmsmasters_row_outer\">\n<div class=\"cmsmasters_row_inner\">\n<div class=\"cmsmasters_row_margin\">\n<div id=\"cmsmasters_column_\" class=\"cmsmasters_column one_first\">\n<div class=\"cmsmasters_column_inner\">\n<div id=\"cmsmasters_divider_irv5yzqm9\" class=\"cmsmasters_divider cmsmasters_divider_width_long cmsmasters_divider_pos_center\"><\/div>\n<div class=\"cmsmasters_text\" data-animation=\"fadeInUp\">\n<h4>En el <strong>Ciclo de Educaci\u00f3n Diversificada<\/strong>, potenciamos el desarrollo profesional del estudiante,\u00a0 fomentando la empleabilidad y el emprendimiento, donde se fortalecen habilidades y competencias enfocadas a la planificaci\u00f3n y gesti\u00f3n de proyectos, liderazgo, trabajo en equipo, colaboraci\u00f3n interdisciplinaria, gesti\u00f3n del cambio, gesti\u00f3n de recursos, negociaci\u00f3n y manejo de conflictos, entre otros.<\/h4>\n<p><!-- \/wp:freeform --><\/p>\n<\/div>\n\n<div id=\"cmsmasters_divider_btsf8pwt9\" class=\"cmsmasters_divider cmsmasters_divider_width_long cmsmasters_divider_pos_center\"><\/div>\n<\/div><\/div>\n<\/div>\n<\/div>\n<\/div>\n<\/div>\n<\/div>\n<div id=\"cmsmasters_row_impz7u3e0x\" class=\"cmsmasters_row cmsmasters_color_scheme_default cmsmasters_row_top_default cmsmasters_row_bot_default cmsmasters_row_boxed\">\n<div class=\"cmsmasters_row_outer_parent\">\n<div class=\"cmsmasters_row_outer\">\n<div class=\"cmsmasters_row_inner\">\n<div class=\"cmsmasters_row_margin\">\n<div id=\"cmsmasters_column_bpwua91368\" class=\"cmsmasters_column one_half\">\n<div class=\"cmsmasters_column_inner\"><div class=\"cmsmasters_text\" data-animation=\"fadeIn\" data-delay=\"0\">\n<h5>Para el Ciclo Diversificado se ofrece la carrera de Bachillerato en Ciencias y Letras con Orientaci\u00f3n en Productividad y Emprendimiento, en las que se abordan las siguientes \u00e1reas en cada grado:<\/h5>\n<\/div>\n<div class=\"cmsmasters_wrap_table\"><table class=\"cmsmasters_table\" data-animation=\"fadeInLeft\" data-delay=\"0\"><caption><\/caption><thead><tr class=\"cmsmasters_table_row_header\"><th class=\"cmsmasters_table_cell_alignleft\">Cuarto Grado<\/th><th class=\"cmsmasters_table_cell_alignleft\">Quinto Grado<\/th><\/tr><\/thead><tr><td class=\"cmsmasters_table_cell_alignleft\">Comunicaci\u00f3n y Literatura<\/td><td class=\"cmsmasters_table_cell_alignleft\">Comunicaci\u00f3n y Literatura<\/td><\/tr><tr><td class=\"cmsmasters_table_cell_alignleft\">Matem\u00e1ticas<\/td><td class=\"cmsmasters_table_cell_alignleft\">Matem\u00e1ticas<\/td><\/tr><tr><td class=\"cmsmasters_table_cell_alignleft\">Ciencias Naturales<\/td><td class=\"cmsmasters_table_cell_alignleft\">Ciencias Naturales<\/td><\/tr><tr><td class=\"cmsmasters_table_cell_alignleft\">Ciencias Sociales<\/td><td class=\"cmsmasters_table_cell_alignleft\">Ciencias Sociales<\/td><\/tr><tr><td class=\"cmsmasters_table_cell_alignleft\">Gesti\u00f3n de proyectos<\/td><td class=\"cmsmasters_table_cell_alignleft\">Emprendimiento<\/td><\/tr><\/table><\/div>\n<\/div><\/div>\n<div id=\"cmsmasters_column_rh5ulrnhkc\" class=\"cmsmasters_column one_half\">\n<div class=\"cmsmasters_column_inner\"><div class=\"cmsmasters_text\">\n<h2>Requisitos<\/h2>\n<\/div>\n<ul id=\"cmsmasters_icon_list_items_ihnswfqle\" class=\"cmsmasters_icon_list_items cmsmasters_icon_list_type_list\" data-animation=\"fadeInUp\" data-delay=\"0\"><li id=\"cmsmasters_icon_list_item_bdob4ogac\" class=\"cmsmasters_icon_list_item cmsmasters-icon-ok-circled\">17 a\u00f1os de edad cumplidos<\/li><li id=\"cmsmasters_icon_list_item_0jo4pp6c5b\" class=\"cmsmasters_icon_list_item cmsmasters-icon-ok-circled\">Presentar copia de certificado de nacimiento para menores de edad o copia de Documento de Identificaci\u00f3n para los mayores de edad<\/li><li id=\"cmsmasters_icon_list_item_60gl2cxdt5\" class=\"cmsmasters_icon_list_item cmsmasters-icon-ok-circled\">Presentar copia de Certificado de Tercero B\u00e1sico o cuarto grado de cualquier otra carrera <\/li><li id=\"cmsmasters_icon_list_item_4xwd3hd2yg\" class=\"cmsmasters_icon_list_item cmsmasters-icon-ok-circled\">Llenar ficha de preinscripci\u00f3n<\/li><\/ul>\n<\/div><\/div>\n<\/div>\n<\/div>\n<\/div>\n<\/div>\n<\/div>\n<div id=\"cmsmasters_row_\" class=\"cmsmasters_row cmsmasters_color_scheme_default cmsmasters_row_top_default cmsmasters_row_bot_default cmsmasters_row_boxed\">\n<div class=\"cmsmasters_row_outer_parent\">\n<div class=\"cmsmasters_row_outer\">\n<div class=\"cmsmasters_row_inner\">\n<div class=\"cmsmasters_row_margin\">\n<div id=\"cmsmasters_column_\" class=\"cmsmasters_column one_first\">\n<div class=\"cmsmasters_column_inner\"><div class=\"cmsmasters_text\">\n<p><!-- \/wp:post-content --><\/p>\n<\/div>\n<\/div><\/div>\n<\/div>\n<\/div>\n<\/div>\n<\/div>\n<\/div>\n\n","protected":false},"excerpt":{"rendered":"","protected":false},"author":2,"featured_media":0,"parent":0,"menu_order":0,"comment_status":"closed","ping_status":"closed","template":"","meta":{"_price":"","_stock":"","_tribe_ticket_header":"","_tribe_default_ticket_provider":"TEC\\Tickets\\Commerce\\Module","_tribe_ticket_capacity":"0","_ticket_start_date":"","_ticket_end_date":"","_tribe_ticket_show_description":"","_tribe_ticket_show_not_going":false,"_tribe_ticket_use_global_stock":"","_tribe_ticket_global_stock_level":"","_global_stock_mode":"","_global_stock_cap":"","_tribe_rsvp_for_event":"","_tribe_ticket_going_count":"","_tribe_ticket_not_going_count":"","_tribe_tickets_list":"[]","_tribe_ticket_has_attendee_info_fields":false,"footnotes":"","_tec_slr_enabled":"","_tec_slr_layout":""},"class_list":["post-161","page","type-page","status-publish","hentry"],"ticketed":false,"_links":{"self":[{"href":"https:\/\/portal.pronea.gt\/index.php?rest_route=\/wp\/v2\/pages\/161","targetHints":{"allow":["GET"]}}],"collection":[{"href":"https:\/\/portal.pronea.gt\/index.php?rest_route=\/wp\/v2\/pages"}],"about":[{"href":"https:\/\/portal.pronea.gt\/index.php?rest_route=\/wp\/v2\/types\/page"}],"author":[{"embeddable":true,"href":"https:\/\/portal.pronea.gt\/index.php?rest_route=\/wp\/v2\/users\/2"}],"replies":[{"embeddable":true,"href":"https:\/\/portal.pronea.gt\/index.php?rest_route=%2Fwp%2Fv2%2Fcomments&post=161"}],"version-history":[{"count":8,"href":"https:\/\/portal.pronea.gt\/index.php?rest_route=\/wp\/v2\/pages\/161\/revisions"}],"predecessor-version":[{"id":544,"href":"https:\/\/portal.pronea.gt\/index.php?rest_route=\/wp\/v2\/pages\/161\/revisions\/544"}],"wp:attachment":[{"href":"https:\/\/portal.pronea.gt\/index.php?rest_route=%2Fwp%2Fv2%2Fmedia&parent=161"}],"curies":[{"name":"wp","href":"https:\/\/api.w.org\/{rel}","templated":true}]}}