{"id":1485,"date":"2026-01-26T11:06:37","date_gmt":"2026-01-26T17:06:37","guid":{"rendered":"https:\/\/portal.pronea.gt\/?post_type=tribe_events&#038;p=1485"},"modified":"2026-01-26T11:38:51","modified_gmt":"2026-01-26T17:38:51","slug":"evaluacion-diagnostica-de-graduandos-de-los-programas-de-educacion-extraescolar","status":"publish","type":"tribe_events","link":"https:\/\/portal.pronea.gt\/?tribe_events=evaluacion-diagnostica-de-graduandos-de-los-programas-de-educacion-extraescolar","title":{"rendered":"Evaluaci\u00f3n diagn\u00f3stica de graduandos de los programas de Educaci\u00f3n Extraescolar"},"content":{"rendered":"<p>Evaluaci\u00f3n diagn\u00f3stica para estudiantes graduandos del a\u00f1o 2025 y a\u00f1os anteriores que tienen pendiente la evaluaci\u00f3n diagn\u00f3stica.<\/p>\n<h3>Fecha de aplicaci\u00f3n: del 09 al 15 de febrero de 20206<\/h3>\n","protected":false},"excerpt":{"rendered":"<p>Evaluaci\u00f3n diagn\u00f3stica para estudiantes graduandos del a\u00f1o 2025 y a\u00f1os anteriores que tienen pendiente la evaluaci\u00f3n diagn\u00f3stica. Fecha de aplicaci\u00f3n:&#8230;<\/p>\n","protected":false},"author":2,"featured_media":0,"template":"","meta":{"_price":"","_stock":"","_tribe_ticket_header":"","_tribe_default_ticket_provider":"TEC\\Tickets\\Commerce\\Module","_tribe_ticket_capacity":"0","_ticket_start_date":"","_ticket_end_date":"","_tribe_ticket_show_description":"","_tribe_ticket_show_not_going":false,"_tribe_ticket_use_global_stock":"","_tribe_ticket_global_stock_level":"","_global_stock_mode":"","_global_stock_cap":"","_tribe_rsvp_for_event":"","_tribe_ticket_going_count":"","_tribe_ticket_not_going_count":"","_tribe_tickets_list":"[]","_tribe_ticket_has_attendee_info_fields":false,"_tribe_events_status":"","_tribe_events_status_reason":"","footnotes":"","_tec_slr_enabled":"","_tec_slr_layout":""},"tags":[],"tribe_events_cat":[42,43],"class_list":["post-1485","tribe_events","type-tribe_events","status-publish","hentry","tribe_events_cat-talleres_de_capacitacion","tribe_events_cat-evaluacion_graduandos","cat_talleres_de_capacitacion","cat_evaluacion_graduandos"],"ticketed":false,"_links":{"self":[{"href":"https:\/\/portal.pronea.gt\/index.php?rest_route=\/wp\/v2\/tribe_events\/1485","targetHints":{"allow":["GET"]}}],"collection":[{"href":"https:\/\/portal.pronea.gt\/index.php?rest_route=\/wp\/v2\/tribe_events"}],"about":[{"href":"https:\/\/portal.pronea.gt\/index.php?rest_route=\/wp\/v2\/types\/tribe_events"}],"author":[{"embeddable":true,"href":"https:\/\/portal.pronea.gt\/index.php?rest_route=\/wp\/v2\/users\/2"}],"version-history":[{"count":3,"href":"https:\/\/portal.pronea.gt\/index.php?rest_route=\/wp\/v2\/tribe_events\/1485\/revisions"}],"predecessor-version":[{"id":1488,"href":"https:\/\/portal.pronea.gt\/index.php?rest_route=\/wp\/v2\/tribe_events\/1485\/revisions\/1488"}],"wp:attachment":[{"href":"https:\/\/portal.pronea.gt\/index.php?rest_route=%2Fwp%2Fv2%2Fmedia&parent=1485"}],"wp:term":[{"taxonomy":"post_tag","embeddable":true,"href":"https:\/\/portal.pronea.gt\/index.php?rest_route=%2Fwp%2Fv2%2Ftags&post=1485"},{"taxonomy":"tribe_events_cat","embeddable":true,"href":"https:\/\/portal.pronea.gt\/index.php?rest_route=%2Fwp%2Fv2%2Ftribe_events_cat&post=1485"}],"curies":[{"name":"wp","href":"https:\/\/api.w.org\/{rel}","templated":true}]}}

Evaluación diagnóstica de graduandos de los programas de Educación Extraescolar

<p>Evaluación diagnóstica para estudiantes graduandos del año 2025 y años anteriores que tienen pendiente la evaluación diagnóstica.</p>
<h3>Fecha de aplicación: del 09 al 15 de febrero de 20206</h3>

<p>Evaluación diagnóstica para estudiantes graduandos del año 2025 y años anteriores que tienen pendiente la evaluación diagnóstica. Fecha de aplicación:&#8230;</p>
