{"id":989,"date":"2025-09-13T20:35:06","date_gmt":"2025-09-14T02:35:06","guid":{"rendered":"https:\/\/portal.pronea.gt\/?post_type=tribe_events&#038;p=989"},"modified":"2025-10-09T20:18:28","modified_gmt":"2025-10-10T02:18:28","slug":"taller-de-capacitacion-de-docentes-2","status":"publish","type":"tribe_events","link":"https:\/\/portal.pronea.gt\/?tribe_events=taller-de-capacitacion-de-docentes-2","title":{"rendered":"Taller de capacitaci\u00f3n para t\u00e9cnicos docentes de PRONEA, sede Guatemala"},"content":{"rendered":"<p>Taller de capacitaci\u00f3n para la \u201cEntrega educativa de los m\u00f3dulos de aprendizaje del Nivel de Educaci\u00f3n Primaria\u201d del Programa Nacional de Educaci\u00f3n Alternativa, PRONEA.<\/p>\n<p><strong>Fecha:<\/strong>\u00a0 \u00a0 \u00a0 \u00a0 \u00a0 \u00a0 \u00a0 \u00a0 \u00a015, 16 y 17 de octubre de 2025<\/p>\n<p><strong>Sede<\/strong>:\u00a0 \u00a0 \u00a0 \u00a0 \u00a0 \u00a0 \u00a0 \u00a0 \u00a0 \u00a0Guatemala<\/p>\n<p><strong>Hora:<\/strong>\u00a0 \u00a0 \u00a0 \u00a0 \u00a0 \u00a0 \u00a0 \u00a0 \u00a0 \u00a0Ingresando el primer d\u00eda a las 11:00 A.M. y saliendo el tercer d\u00eda a las 2:00 P.M. horas<\/p>\n<p><strong>Modalidad:<\/strong>\u00a0 \u00a0 \u00a0 \u00a0Presencial<\/p>\n<p><strong>Participantes:\u00a0\u00a0\u00a0\u00a0 <\/strong>T\u00e9cnicos del Programa Nacional de Educaci\u00f3n Alternativa, PRONEA de los departamentos de: Chiquimula, Quiche Norte, Escuintla, Guatemala Norte, Guatemala Occidente, Guatemala Oriente, Guatemala Sur y Santa Rosa.<\/p>\n","protected":false},"excerpt":{"rendered":"<p>Taller de capacitaci\u00f3n para la \u201cEntrega educativa de los m\u00f3dulos de aprendizaje del Nivel de Educaci\u00f3n Primaria\u201d del Programa Nacional&#8230;<\/p>\n","protected":false},"author":2,"featured_media":0,"template":"","meta":{"_price":"","_stock":"","_tribe_ticket_header":"","_tribe_default_ticket_provider":"TEC\\Tickets\\Commerce\\Module","_tribe_ticket_capacity":"0","_ticket_start_date":"","_ticket_end_date":"","_tribe_ticket_show_description":"","_tribe_ticket_show_not_going":false,"_tribe_ticket_use_global_stock":"","_tribe_ticket_global_stock_level":"","_global_stock_mode":"","_global_stock_cap":"","_tribe_rsvp_for_event":"","_tribe_ticket_going_count":"","_tribe_ticket_not_going_count":"","_tribe_tickets_list":"[]","_tribe_ticket_has_attendee_info_fields":false,"_tribe_events_status":"","_tribe_events_status_reason":"","footnotes":"","_tec_slr_enabled":"","_tec_slr_layout":""},"tags":[],"tribe_events_cat":[42],"class_list":["post-989","tribe_events","type-tribe_events","status-publish","hentry","tribe_events_cat-talleres_de_capacitacion","cat_talleres_de_capacitacion"],"ticketed":false,"_links":{"self":[{"href":"https:\/\/portal.pronea.gt\/index.php?rest_route=\/wp\/v2\/tribe_events\/989","targetHints":{"allow":["GET"]}}],"collection":[{"href":"https:\/\/portal.pronea.gt\/index.php?rest_route=\/wp\/v2\/tribe_events"}],"about":[{"href":"https:\/\/portal.pronea.gt\/index.php?rest_route=\/wp\/v2\/types\/tribe_events"}],"author":[{"embeddable":true,"href":"https:\/\/portal.pronea.gt\/index.php?rest_route=\/wp\/v2\/users\/2"}],"version-history":[{"count":3,"href":"https:\/\/portal.pronea.gt\/index.php?rest_route=\/wp\/v2\/tribe_events\/989\/revisions"}],"predecessor-version":[{"id":1317,"href":"https:\/\/portal.pronea.gt\/index.php?rest_route=\/wp\/v2\/tribe_events\/989\/revisions\/1317"}],"wp:attachment":[{"href":"https:\/\/portal.pronea.gt\/index.php?rest_route=%2Fwp%2Fv2%2Fmedia&parent=989"}],"wp:term":[{"taxonomy":"post_tag","embeddable":true,"href":"https:\/\/portal.pronea.gt\/index.php?rest_route=%2Fwp%2Fv2%2Ftags&post=989"},{"taxonomy":"tribe_events_cat","embeddable":true,"href":"https:\/\/portal.pronea.gt\/index.php?rest_route=%2Fwp%2Fv2%2Ftribe_events_cat&post=989"}],"curies":[{"name":"wp","href":"https:\/\/api.w.org\/{rel}","templated":true}]}}

Taller de capacitación para técnicos docentes de PRONEA, sede Guatemala

<p>Taller de capacitación para la “Entrega educativa de los módulos de aprendizaje del Nivel de Educación Primaria” del Programa Nacional de Educación Alternativa, PRONEA.</p>
<p><strong>Fecha:</strong>                 15, 16 y 17 de octubre de 2025</p>
<p><strong>Sede</strong>:                   Guatemala</p>
<p><strong>Hora:</strong>                   Ingresando el primer día a las 11:00 A.M. y saliendo el tercer día a las 2:00 P.M. horas</p>
<p><strong>Modalidad:</strong>       Presencial</p>
<p><strong>Participantes:     </strong>Técnicos del Programa Nacional de Educación Alternativa, PRONEA de los departamentos de: Chiquimula, Quiche Norte, Escuintla, Guatemala Norte, Guatemala Occidente, Guatemala Oriente, Guatemala Sur y Santa Rosa.</p>

<p>Taller de capacitación para la “Entrega educativa de los módulos de aprendizaje del Nivel de Educación Primaria” del Programa Nacional&#8230;</p>
